rime?
False
Is 22693955 composite?
True
Is 15395867 a prime number?
True
Is 5163743 a composite number?
True
Is 201231367 a prime number?
False
Is 20450389 prime?
True
Is 27464357 prime?
False
Is 157257979 prime?
True
Is 659393753 a composite number?
False
Is 717127 a prime number?
True
Is 25083479 a composite number?
False
Is 158866363 a composite number?
False
Is 18733193 a composite number?
True
Is 26501149 a prime number?
True
Is 55083599 composite?
False
Is 17728703 a composite number?
False
Is 1095509 a prime number?
False
Is 28492759 composite?
True
Is 29579479 a prime number?
True
Is 1761371135 a composite number?
True
Is 78925043 a prime number?
True
Is 894643 a prime number?
True
Is 3165511 a prime number?
True
Is 264810851 prime?
False
Is 7514123 prime?
False
Is 26363105 a prime number?
False
Is 42162641 a composite number?
False
Is 117346219 a prime number?
True
Is 1543909 a prime number?
True
Is 108148837 a composite number?
True
Is 753409667 prime?
False
Is 6161509 prime?
True
Is 432711866 composite?
True
Is 63140653 a prime number?
True
Is 224489 a composite number?
True
Is 13658071 a prime number?
False
Is 19139017 a prime number?
True
Is 41287991 a composite number?
True
Is 18727433 a composite number?
False
Is 379551209 composite?
False
Is 586617 a prime number?
False
Is 8773265 a prime number?
False
Is 3850963 a prime number?
True
Is 30030613 a composite number?
False
Is 3846991 a prime number?
True
Is 631286351 composite?
False
Is 783671 a prime number?
False
Is 66129521 a prime number?
False
Is 162804713 a composite number?
False
Is 1058655157 a composite number?
True
Is 334633 a composite number?
True
Is 2577121 a composite number?
True
Is 2011049 prime?
False
Is 32115169 a composite number?
False
Is 69697021 prime?
False
Is 3996959 a composite number?
False
Is 71097127 prime?
True
Is 2844481 a prime number?
True
Is 61489 prime?
False
Is 12330619 a composite number?
True
Is 1382501 composite?
False
Is 22525903 composite?
False
Is 1335941 a composite number?
False
Is 471523102 prime?
False
Is 3352301813 composite?
True
Is 18884761 composite?
True
Is 54385323 composite?
True
Is 2988899 a prime number?
True
Is 13543499 a prime number?
True
Is 446882099 a composite number?
False
Is 1622693 composite?
False
Is 60345917 composite?
False
Is 9885335 composite?
True
Is 1280221 a composite number?
False
Is 86517589 a prime number?
True
Is 1503119 composite?
True
Is 1466869 a composite number?
False
Is 22737569 composite?
False
Is 12428063 a prime number?
False
Is 246010343 a prime number?
False
Is 2128067 a composite number?
False
Is 190882141 a composite number?
False
Is 6993865 composite?
True
Is 2899255 composite?
True
Is 2852951 prime?
False
Is 392758 a prime number?
False
Is 196073 a prime number?
True
Is 17273677 a prime number?
False
Is 153161339 composite?
False
Is 5069 a composite number?
True
Is 9014767 composite?
False
Is 418623229 a composite number?
True
Is 69968449 prime?
True
Is 383799769 composite?
True
Is 18165139 prime?
True
Is 2973383 prime?
False
Is 316399073 a composite number?
False
Is 10910197 prime?
True
Is 1974851 a composite number?
False
Is 21445265 prime?
False
Is 179618687 a prime number?
False
Is 61800959 a prime number?
False
Is 131088253 a prime number?
False
Is 1520335 a composite number?
True
Is 6729227 prime?
False
Is 9834119 composite?
True
Is 2896429 composite?
True
Is 2532479 prime?
True
Is 25265693 composite?
False
Is 5569853 prime?
True
Is 37147343 composite?
True
Is 12676399 prime?
False
Is 20542829 a prime number?
False
Is 22329293 composite?
True
Is 4023469 a prime number?
True
Is 2981471 prime?
True
Is 8784641 a composite number?
False
Is 14425865 a prime number?
False
Is 310484393 prime?
False
Is 1543079 composite?
True
Is 59973851 prime?
False
Is 1391947 a composite number?
True
Is 194986565 composite?
True
Is 7093057 a prime number?
True
Is 4417529 a composite number?
True
Is 116328514 a composite number?
True
Is 1587097 a composite number?
True
Is 2646559 a composite number?
True
Is 115358513 composite?
False
Is 11721209 a prime number?
True
Is 14528147 composite?
False
Is 806101 a composite number?
True
Is 955307 a composite number?
False
Is 193452529 prime?
True
Is 1391051 composite?
False
Is 2209027 composite?
False
Is 3018909 a prime number?
False
Is 543089 composite?
True
Is 1265681 a prime number?
True
Is 30649807 prime?
True
Is 269053781 composite?
True
Is 6322259 composite?
False
Is 8626927 a prime number?
True
Is 472210898 a prime number?
False
Is 29809 a composite number?
True
Is 4755281 a prime number?
True
Is 135791 a composite number?
True
Is 6964493 a composite number?
False
Is 479419 a prime number?
True
Is 93860474 prime?
False
Is 243517 composite?
False
Is 682886029 composite?
True
Is 6610711 prime?
True
Is 778049 a composite number?
False
Is 815299 prime?
False
Is 16430527 a prime number?
False
Is 3595819 a composite number?
True
Is 5387951 prime?
True
Is 169139305 a composite number?
True
Is 223963 prime?
True
Is 52851361 composite?
True
Is 19480457 a prime number?
True
Is 2199719 a composite number?
False
Is 480979 composite?
False
Is 74249641 prime?
False
Is 115000961 composite?
False
Is 2489377 a composite number?
True
Is 7909451 composite?
True
Is 1155431 a prime number?
True
Is 14025721 a composite number?
True
Is 187631 a composite number?
False
Is 41484517 a prime number?
True
Is 1575895 a prime number?
False
Is 2608943 a prime number?
True
Is 282051509 prime?
True
Is 25093527 prime?
False
Is 3859654 prime?
False
Is 49402523 prime?
True
Is 4736177 prime?
True
Is 5949373 prime?
True
Is 76361111 composite?
True
Is 793495 composite?
True
Is 55713101 composite?
True
Is 38336983 a prime number?
True
Is 28195153 prime?
False
Is 3392009 composite?
True
Is 75353519 prime?
True
Is 287149081 a composite number?
False
Is 6837197 a prime number?
False
Is 445931 prime?
True
Is 130205897 a prime number?
True
Is 5025767 a composite number?
True
Is 172952123 a prime number?
False
Is 10429033 a prime number?
False
Is 1101419 composite?
True
Is 726023 prime?
True
Is 2875709 a prime number?
True
Is 4467257 a composite number?
False
Is 23911703 composite?
False
Is 1924393 a prime number?
True
Is 28551903 a composite number?
True
Is 25316726 a composite number?
True
Is 40479477 a prime number?
False
Is 39272189 prime?
False
Is 82933469 composite?
True
Is 108755 a prime number?
False
Is 36723373 a composite number?
False
Is 148995433 prime?
True
Is 50315389 a composite number?
True
Is 33623367 composite?
True
Is 42343097 prime?
True
Is 60301 a prime number?
False
Is 6777371 a composite number?
True
Is 15482783 a prime number?
True
Is 994495 prime?
False
Is 130882667 a composite number?
True
Is 9901777 a composite number?
False
Is 9059107 a prime number?
False
Is 17628211 a composite number?
False
Is 22738021 a prime number?
True
Is 104283629 composite?
False
Is 250290023 composite?
False
Is 3420481 a composite number?
False
Is 28835173 prime?
False
Is 37571 prime?
True
Is 5449901 a prime number?
True
Is 67643089 a prime number?
True
Is 164295631 a composite number?
True
Is 184874777 composite?
True
Is 546569 a prime number?
True
Is 4261141 prime?
False
Is 228825799 a composite number?
True
Is 9632767 a prime number?
True
Is 94375883 composite?
True
Is 4376091 prime?
False
Is 335983 composite?
True
Is 2064461 composite?
True
Is 10983011 a composite number?
True
Is 3866059 prime?
False
Is 164145561 composite?
True
Is 190245463 a prime number?
True
Is 3545579 composite?
True
Is 6868061 a prime number?
True
Is 33172903 a prime number?
False
Is 241303 prime?
True
Is 76609829 a composite number?
True
Is 13924817 a composite number?
True
Is 645606307 a prime number?
True
Is 4802101 a composite number?
True
Is 94019 prime?
False
Is 335557343 a composite number?
True
Is 98832827 prime?
False
Is 22174549 a prime number?
True
Is 21720991 prime?
True
Is 160015767 a composite number?
True
Is 6844378 prime?
False
Is 6328291 prime?
True
Is 3766513 a prime number?
True
Is 22544147 composite?
True
Is 15777439 a prime number?
True
Is 15175907 a composite number?
False
Is 652721 a prime number?
False
Is 105973609 a prime number?
False
Is 69106369 a prime number?
False
Is 1841809 composite?
True